/6. Suppose 179*n + q = 188*n. What is the tens digit of n?
4
Let q = -7549 - -16094. What is the hundreds digit of q?
5
Suppose -22 - 314 = -3*d. Let t = -144 + d. Let i = t - -41. What is the units digit of i?
9
Suppose 0 = -109*c + 73561 + 163572 + 204644. What is the hundreds digit of c?
0
Suppose -4*z = -8*z + i + 330, -2*z - 2*i + 160 = 0. Suppose -15*v - 53 = z. Let g(l) = -l**3 - 5*l**2 + 13*l - 26. What is the hundreds digit of g(v)?
1
Let d(k) = 3*k + 61. Let f be d(-19). Suppose 4*g + 36 = -f*l + 136, -g - 3*l = -17. Suppose -g = m - 109. What is the tens digit of m?
8
Suppose -22*k - 210 - 89 = -101. Let s(g) = 15*g - 54. Let j(i) = -16*i + 53. Let p(o) = 4*j(o) + 3*s(o). What is the hundreds digit of p(k)?
2
Let a(l) = l**2 + 2*l - 18. Let d be a(-6). Suppose -4*j - 2*w = 278, -2*j = -d*j + 3*w - 263. Let o = -40 - j. What is the units digit of o?
8
Let h(c) = 2*c**2 + 5*c - 4. Let a be h(1). Let m(d) = -39*d - 13. Let z be m(a). What is the units digit of (-2)/(-13) - 9470/z?
3
Let g(m) = -3*m**2 - m + 1130. Let t be g(0). Let w = t - 642. What is the tens digit of w?
8
Suppose 5*t - 13953 = 5*a + 2752, -3*t - 3*a = -10029. What is the tens digit of t?
4
Let x(q) = 2*q**3 - 5*q**2 + q - 1. Let z be x(4). Let w(g) = 14*g**2 + 324*g + 37. Let o be w(-23). Let b = o + z. What is the tens digit of b?
4
Let m(u) = 2*u**2 + 23*u + 74. Suppose -26*d + 24*d - 38 = 0. What is the hundreds digit of m(d)?
3
Suppose -15*g + 967 = -443. Let u = -84 + g. What is the tens digit of 52/((-18)/(-14) - u/35)?
5
Suppose 0 = 3*t - 2*m - 73521, 3*t = -89*m + 93*m + 73509. What is the tens digit of t?
1
Let r(h) = -5*h - 51. Let p be r(11). Let i = 575 + p. What is the hundreds digit of i?
4
Suppose -47*z + 17*z + 29*z = -10594. What is the thousands digit of z?
0
Suppose 0 = 2*u + 2*o - 50326, 2*o + 25819 + 74791 = 4*u. What is the tens digit of u?
5
Let l = 49 + -67. Let p = 74 - l. Suppose -q + 3*u - 5*u = -32, 4*q - u = p. What is the tens digit of q?
2
Let j be 13/3 - 3/9. Suppose -3*k - 251 = -j*k. Suppose 4*t + 104 = 2*p, 5*p = 3*t - 2*t + k. What is the tens digit of p?
5
Let h = -2 - -7. Let r be (h/(-2) - 1)/(3/(-30)). Suppose r*d - 98 = 33*d. What is the tens digit of d?
4
Let s(l) = 6393*l - 48. Let f be s(5). Suppose 6937 = -20*z + f. What is the thousands digit of z?
1
What is the hundreds digit of (7 - -12286)/(19 - 18)?
2
Let r(o) = -8*o**3 - 2*o**2 - 7*o - 10. Let c be r(-6). Suppose 0 = 19*t - 11*t - c. What is the hundreds digit of t?
2
Let m(v) = -8*v - v + 15 + 11*v. Let l be m(-9). What is the units digit of (-1 + 3)*62/(-3)*l?
4
Let m = 81611 - 51332. What is the hundreds digit of m?
2
Suppose -7*c = -25*c - 4*c. Suppose 6*w + 4*w - 5030 = c. What is the units digit of w?
3
Let b(m) = 549*m - 644. What is the units digit of b(8)?
8
Suppose 374 = 5*h + 4079. Let f = h + 1150. What is the hundreds digit of f?
4
Let g(j) = -11*j + 236. Let q be g(21). Let w = -5 - -95. Suppose -o - 2*o - q*r = -159, 2*o - 2*r = w. What is the tens digit of o?
4
Suppose 5*v = -13*v + 51*v - 853644. What is the ten thousands digit of v?
2
Let g = 16131 - -5950. What is the units digit of g?
1
Let c(j) = -j**2 - 9*j + 14. Let l be c(-10). Suppose -l*z - 815 + 111 = 4*i, -i + z - 170 = 0. What is the units digit of i/(-5) + 1 - (-10)/25?
6
Suppose -w - 2*w = -5*o - 2648, 4*w - 5*o = 3534. Suppose -194*u + 192*u + w = 0. What is the units digit of u?
3
Suppose 2*v - 3*c - 915 = -4*c, 1842 = 4*v - 2*c. Let n = -1 + v. What is the hundreds digit of n?
4
Let a(m) = 1. Let i(h) = 9*h + 25. Suppose 2*x + 34 = 4*g + 7*x, 0 = -5*g + 2*x + 26. Let u(p) = g*a(p) - i(p). What is the units digit of u(-12)?
9
Let z be (2/4)/((-1)/(-142)). Let n be ((-5320)/7)/(-10) - (-4 + 7). Suppose -z*o + n*o = 510. What is the hundreds digit of o?
2
Let k be ((-16)/10 - -2)*5. Suppose -k*w + 2044 = -638. What is the hundreds digit of w?
3
What is the tens digit of (-161 + -4 - 1)/((-18)/819)?
5
Suppose 0 = 5*m - 50 + 45, 6*m = -3*c + 33114. What is the hundreds digit of c?
0
Suppose -5 = 2*x - 3*z, 0 = 4*x + 2*z - 15 - 15. Suppose -932 = -2*f - 4*n, 123 = -2*f - x*n + 1060. What is the hundreds digit of f?
4
Let q = -992 + 1027. Suppose 10220 = q*i - 28*i. What is the units digit of i?
0
Let a(k) = -k**2 + 17*k - 26. Let u be a(14). Suppose u*h - 14*h - 6 = 0. Suppose 0 = -2*g - 7*p + 3*p + 214, 212 = 2*g + h*p. What is the tens digit of g?
0
Let m be 10/(-14) - (-8)/(-140)*5. Let k(l) = -181*l**2 - 2*l - 2. Let v be k(m). Let j = -126 - v. What is the units digit of j?
5
Suppose 5*a - 3*m - 2*m = 295, 0 = 3*a + 2*m - 182. What is the hundreds digit of (-21386)/(-30) - (-8)/a?
7
Let q = 28465 - -36399. What is the ten thousands digit of q?
6
Let q = -4389 - -4392. Let i(m) = 8*m**3 + 4 + 2*m**2 + 7 - 8*m - 3*m**2. What is the tens digit of i(q)?
9
Suppose 0*k + 316 = -3*h + 5*k, 0 = -5*h - 3*k - 504. Let s = -100 - h. Suppose 2*g - 374 = -s*b, 2*b - 4*g - 368 = -3*g. What is the tens digit of b?
8
Let y = 535 - 264. Suppose 270*a + 1098 = y*a. What is the units digit of a?
8
Suppose t - 32 = -16. Let g(o) = o**3 - 17*o**2 + 22*o + 21. What is the units digit of g(t)?
7
Let o = 101 + -74. Suppose -6 = -4*t - 2*b, 5*t + 0*b - o = 4*b. What is the units digit of ((-27)/18)/(t/(-16))?
8
Suppose -8*b + 145 = -119. What is the tens digit of 138/b + 12/(-66) + 244?
4
Suppose 3*c + 9 = 3*v, 2*v - 4 = c + 4. Suppose -3*q = -2*q - c*b - 142, 287 = 2*q - 5*b. What is the tens digit of q?
3
Let p be (-17)/(-51) + 68/3. Let k be (-3 + p)*(-6)/(-15). Suppose -12*b + k*b + 580 = 0. What is the hundreds digit of b?
1
Suppose f + 6727 + 6756 = t, t - 5*f = 13503. What is the units digit of t?
8
Let m be (-26)/(5/2*20/(-75)). Let q = -180 + m. What is the tens digit of (-15 - -13)*q/2?
4
Let k(r) = -2*r**3 - 9*r**2 - 10*r - 10. Let v be k(-4). Suppose -83*l + 81*l = -v. Suppose 0*u + l*u = 91. What is the units digit of u?
3
Let m = 68 - 65. Suppose m*r - 71 = -17. Suppose l + q = r + 118, 3*q = -2*l + 272. What is the hundreds digit of l?
1
Let s(h) = h**2 - h - 1. Let t(f) = -10 - 14*f**2 + 13*f**2 + 6 - 4*f - 1. Let q(u) = 2*s(u) + t(u). What is the units digit of q(-2)?
9
Let d(a) = -3671*a**3 - 8*a**2 - 55*a - 48. What is the thousands digit of d(-1)?
3
Let j be 83/(-3) + 3 - 2/(-3). Let u(s) = -10*s - 203. What is the tens digit of u(j)?
3
Suppose 46*m - 506 - 506 = 0. What is the hundreds digit of 5 - (-824)/6*165/m?
0
Suppose 0 = 9*y - 10*y + 314. Let u = y - 70. What is the units digit of u?
4
Suppose 10*n + 44 = 74. Suppose -207 = -n*t - 3*u + 381, 5*u = 0. What is the hundreds digit of t?
1
Let l = 50 + 12. Let f = 65 - l. Suppose 4*o + 319 = 3*h, -f*h - 2*h + o + 509 = 0. What is the hundreds digit of h?
1
Let p = -19751 + 44233. What is the ten thousands digit of p?
2
Let i = -140 + 144. Suppose 0 = -3*c - 4*a + 466, 0*c + 5*c - i*a = 734. What is the units digit of c?
0
What is the tens digit of ((1/2)/((-6)/12))/((-18)/142974)?
4
Let c(q) = -34*q + 13*q + 19*q + q**3 + 1439 - 2*q**2. What is the units digit of c(0)?
9
Suppose 1351*k - 1423*k = -1462248. What is the ten thousands digit of k?
2
Let p(f) = f**2 + 29*f - 3771. What is the thousands digit of p(83)?
5
Suppose -230 = -2*d + 102. Let a(t) = -4*t**2 - 71*t + 16. Let j be a(-17). Let c = d - j. What is the tens digit of c?
9
Let n be 568/80 - (-2)/(-20). Let s(f) = 263*f + 65. What is the hundreds digit of s(n)?
9
Let d(t) = 6*t**2 - 6*t - 1. Let r be d(-4). Let g = r - -199. What is the units digit of g?
8
Suppose -22*y + 1086 = 206. Suppose 39*t + 574 = y*t. What is the units digit of t?
4
Let g = -38393 + 73629. What is the tens digit of g?
3
Let r(t) = -t**3 + 17*t**2 - 16*t + 10. Let d be r(16). Let f(a) = 7*a - 14*a + 1 - a**3 + d*a + 8*a**2. What is the units digit of f(6)?
1
Let c(f) = -5*f - 233. Let z be c(-44). Let p(d) be the second derivative of d**4/6 + 3*d**3 + 5*d**2 - 3*d. What is the hundreds digit of p(z)?
1
What is the tens digit of ((-18)/(-96)*-23812 + (1 - -7))*-4?
2
Let b(w) = w + 2. Let m be b(3). Let z be 4 + 139*m/5. Suppose -5*v = -4*o + z, -4 - 11 = -3*v. What is the units digit of o?
2
Let b(h) = -3808*h - 30. What is the thousands digit of b(-2)?
7
Let s = -18894 - -22345. What is the thou